 the thousands digit of 94585?
4
What is the thousands digit of 4282?
4
What is the hundreds digit of 2252?
2
What is the tens digit of 397?
9
What is the units digit of 6931?
1
What is the thousands digit of 2093?
2
What is the ten thousands digit of 12189?
1
What is the hundreds digit of 9789?
7
What is the hundreds digit of 9220?
2
What is the units digit of 394?
4
What is the units digit of 710?
0
What is the hundreds digit of 987?
9
What is the tens digit of 59634?
3
What is the hundreds digit of 1415?
4
What is the ten thousands digit of 35085?
3
What is the hundreds digit of 7050?
0
What is the ten thousands digit of 51584?
5
What is the units digit of 5150?
0
What is the thousands digit of 1112?
1
What is the units digit of 89?
9
What is the ten thousands digit of 28513?
2
What is the hundreds digit of 1897?
8
What is the hundreds digit of 779?
7
What is the thousands digit of 63408?
3
What is the tens digit of 94906?
0
What is the hundreds digit of 2156?
1
What is the thousands digit of 1237?
1
What is the hundreds digit of 528?
5
What is the hundreds digit of 8789?
7
What is the units digit of 5144?
4
What is the units digit of 11371?
1
What is the tens digit of 6450?
5
What is the units digit of 47?
7
What is the units digit of 286?
6
What is the units digit of 10428?
8
What is the ten thousands digit of 26815?
2
What is the ten thousands digit of 15890?
1
What is the ten thousands digit of 13108?
1
What is the tens digit of 2195?
9
What is the tens digit of 164844?
4
What is the units digit of 2047?
7
What is the hundreds digit of 79188?
1
What is the units digit of 6206?
6
What is the tens digit of 12710?
1
What is the tens digit of 108?
0
What is the hundreds digit of 4153?
1
What is the units digit of 5?
5
What is the units digit of 497?
7
What is the hundreds digit of 84620?
6
What is the thousands digit of 44867?
4
What is the hundred thousands digit of 114223?
1
What is the thousands digit of 29762?
9
What is the ten thousands digit of 35554?
3
What is the units digit of 5301?
1
What is the units digit of 36813?
3
What is the units digit of 17556?
6
What is the hundreds digit of 8360?
3
What is the tens digit of 1270?
7
What is the thousands digit of 25464?
5
What is the tens digit of 464?
6
What is the hundreds digit of 315?
3
What is the hundreds digit of 1593?
5
What is the units digit of 338?
8
What is the tens digit of 620?
2
What is the thousands digit of 48466?
8
What is the hundreds digit of 60766?
7
What is the hundreds digit of 9053?
0
What is the units digit of 10376?
6
What is the hundreds digit of 5702?
7
What is the tens digit of 6853?
5
What is the tens digit of 543?
4
What is the thousands digit of 8741?
8
What is the tens digit of 89514?
1
What is the tens digit of 26648?
4
What is the units digit of 1575?
5
What is the thousands digit of 2554?
2
What is the units digit of 26158?
8
What is the tens digit of 278?
7
What is the thousands digit of 23476?
3
What is the thousands digit of 5468?
5
What is the thousands digit of 97062?
7
What is the units digit of 22222?
2
What is the units digit of 2116?
6
What is the tens digit of 11637?
3
What is the units digit of 1333?
3
What is the hundreds digit of 61310?
3
What is the units digit of 2011?
1
What is the tens digit of 874?
7
What is the units digit of 5225?
5
What is the units digit of 593?
3
What is the units digit of 29972?
2
What is the hundreds digit of 1561?
5
What is the hundreds digit of 2198?
1
What is the tens digit of 29325?
2
What is the hundreds digit of 31597?
5
What is the hundreds digit of 4360?
3
What is the hundreds digit of 1732?
7
What is the tens digit of 5685?
8
What is the thousands digit of 1763?
1
What is the tens digit of 54725?
2
What is the tens digit of 1165?
6
What is the units digit of 130?
0
What is the thousands digit of 3921?
3
What is the tens digit of 58411?
1
What is the units digit of 1370?
0
What is the hundreds digit of 1327?
3
What is the hundreds digit of 8412?
4
What is the tens digit of 6003?
0
What is the tens digit of 34?
3
What is the thousands digit of 24338?
4
What is the tens digit of 122749?
4
What is the units digit of 1404?
4
What is the thousands digit of 9240?
9
What is the tens digit of 33960?
6
What is the thousands digit of 38900?
8
What is the units digit of 5274?
4
What is the units digit of 3868?
8
What is the hundreds digit of 766?
7
What is the hundreds digit of 3331?
3
What is the units digit of 1797?
7
What is the hundreds digit of 11927?
9
What is the thousands digit of 7878?
7
What is the hundreds digit of 277?
2
What is the hundreds digit of 16858?
8
What is the units digit of 80329?
9
What is the tens digit of 764?
6
What is the hundreds digit of 2983?
9
What is the tens digit of 992?
9
What is the hundreds digit of 3154?
1
What is the units digit of 2429?
9
What is the units digit of 2919?
9
What is the tens digit of 113?
1
What is the thousands digit of 1846?
1
What is the thousands digit of 3052?
3
What is the hundreds digit of 6802?
8
What is the hundreds digit of 3327?
3
What is the units digit of 3296?
6
What is the thousands digit of 2752?
2
What is the units digit of 698?
8
What is the tens digit of 76249?
4
What is the tens digit of 34176?
7
What is the tens digit of 1122?
2
What is the hundreds digit of 1000?
0
What is the units digit of 9607?
7
What is the thousands digit of 1376?
1
What is the hundreds digit of 7963?
9
What is the thousands digit of 2212?
2
What is the units digit of 13756?
6
What is the tens digit of 4653?
5
What is the units digit of 31119?
9
What is the units digit of 3127?
7
What is the ten thousands digit of 35164?
3
What is the hundreds digit of 16907?
9
What is the tens digit of 1030?
3
What is the units digit of 9660?
0
What is the tens digit of 3273?
7
What is the units digit of 18611?
1
What is the ten thousands digit of 125168?
2
What is the hundreds digit of 971?
9
What is the units digit of 5669?
9
What is the units digit of 2131?
1
What is the tens digit of 1728?
2
What is the tens digit of 7041?
4
What is the hundreds digit of 41288?
2
What is the hundreds digit of 2051?
0
What is the units digit of 8720?
0
What is the hundreds digit of 35211?
2
What is the units digit of 2948?
8
What is the units digit of 6978?
8
What is the thousands digit of 3638?
3
What is the hundreds digit of 7293?
2
What is the hundreds digit of 958?
9
What is the tens digit of 59441?
4
What is the tens digit of 3415?
1
What is the hundreds digit of 595?
5
What is the units digit of 2029?
9
What is the hundreds digit of 6601?
6
What is the hundreds digit of 12293?
2
What is the thousands digit of 22962?
2
What is the tens digit of 23562?
6
What is the units digit of 373?
3
What is the hundreds digit of 8057?
0
What is the tens digit of 8312?
1
What is the units digit of 1539?
9
What is the units digit of 26648?
8
What is the tens digit of 956?
5
What is the thousands digit of 2785?
2
What is the units digit of 42542?
2
What is the ten thousands digit of 17947?
1
What is the thousands digit of 1094?
1
What is the ten thousands digit of 26443?
2
What is the ten thousands digit of 23484?
2
What is the units digit of 1441?
1
What is the thousands digit of 9015?
9
What is the units digit of 2441?
1
What is the units digit of 318?
8
What is the thousands digit of 2533?
2
What is the units digit of 28026?
6
What is the units digit of 2470?
0
What is the tens digit of 2935?
3
What is the hundreds digit of 75313?
3
What is the thousands digit of 2046?
2
What is the tens digit of 66218?
1
What is the ten thousands digit of 60246?
6
What is the hundreds digit of 4467?
4
What is the hundreds digit of 8337?
3
What is the units digit of 459?
9
What is the tens digit of 6087?
8
What is the hundreds digit of 1134?
1
What is the units digit of 547?
7
What is the hundreds digit of 5617?
6
What is the hundreds digit of 60796?
7
What is the units digit of 15411?
1
What is the thousands digit of 1503?
1
What is the tens digit of 43954?
5
What is the units digit of 24191?
1
What is the hundreds digit of 3433?
4
What is the thousands digit of 15716?
5
What is the units digit of 8787?
7
What is the units digit of 3300?
0
What is the units digit of 5142?
2
What is the ten thousands digit of 16467